{"id":68,"date":"2014-09-20T22:55:22","date_gmt":"2014-09-21T01:55:22","guid":{"rendered":"https:\/\/charmepizzaria.com.br\/site\/?page_id=68"},"modified":"2014-09-23T05:30:33","modified_gmt":"2014-09-23T08:30:33","slug":"localizacao","status":"publish","type":"page","link":"https:\/\/charmepizzaria.com.br\/site\/localizacao\/","title":{"rendered":"Localiza\u00e7\u00e3o"},"content":{"rendered":"\n<div id=\"x-content-band-1\" class=\"x-content-band vc\" style=\"background-color: transparent;\">\n<div  class=\"x-column vc whole\" style=\"\" ><h3>Localiza\u00e7\u00e3o<\/h3>\n<p><strong>Estamos localizados \u00e0<\/strong><\/p>\n<p><span style=\"color: #ff6600;\">Rua Paulo Becker, 322 &#8211; Vila Adyana &#8211; S\u00e3o Jos\u00e9 dos Campos &#8211; SP<\/span><\/p>\n<p>Telefones: (12) 3921-6791 \/ 3921-6975<\/p>\n<p><strong>Veja abaixo o mapa:<\/strong><\/p>\n<div  class=\"x-map with-container\" ><div class=\"x-map-inner\"><iframe style=\"border: 0;\" src=\"https:\/\/www.google.com\/maps\/embed?pb=!1m14!1m8!1m3!1d3667.3106788797954!2d-45.8929861!3d-23.1953458!3m2!1i1024!2i768!4f13.1!3m3!1m2!1s0x94cc4a6d3677777f%3A0x98c4190f21b68c22!2sAv.+Paulo+Becker%2C+322+-+Vila+Adyana%2C+S%C3%A3o+Jos%C3%A9+dos+Campos+-+SP%2C+12243-610!5e0!3m2!1spt-BR!2sbr!4v1411460878214\" width=\"100%\" height=\"450\" frameborder=\"0\"><\/iframe><\/div><\/div><\/div><\/div><!-- Row Backgrounds -->\n","protected":false},"excerpt":{"rendered":"Localiza\u00e7\u00e3o Estamos localizados \u00e0 Rua Paulo Becker, 322 - Vila Adyana - S\u00e3o Jos\u00e9 dos Campos - SP Telefones: (12) 3921-6791 \/ 3921-6975 Veja abaixo o mapa:","protected":false},"author":1,"featured_media":0,"parent":0,"menu_order":0,"comment_status":"closed","ping_status":"open","template":"","meta":[],"_links":{"self":[{"href":"https:\/\/charmepizzaria.com.br\/site\/wp-json\/wp\/v2\/pages\/68"}],"collection":[{"href":"https:\/\/charmepizzaria.com.br\/site\/wp-json\/wp\/v2\/pages"}],"about":[{"href":"https:\/\/charmepizzaria.com.br\/site\/wp-json\/wp\/v2\/types\/page"}],"author":[{"embeddable":true,"href":"https:\/\/charmepizzaria.com.br\/site\/wp-json\/wp\/v2\/users\/1"}],"replies":[{"embeddable":true,"href":"https:\/\/charmepizzaria.com.br\/site\/wp-json\/wp\/v2\/comments?post=68"}],"version-history":[{"count":4,"href":"https:\/\/charmepizzaria.com.br\/site\/wp-json\/wp\/v2\/pages\/68\/revisions"}],"predecessor-version":[{"id":221,"href":"https:\/\/charmepizzaria.com.br\/site\/wp-json\/wp\/v2\/pages\/68\/revisions\/221"}],"wp:attachment":[{"href":"https:\/\/charmepizzaria.com.br\/site\/wp-json\/wp\/v2\/media?parent=68"}],"curies":[{"name":"wp","href":"https:\/\/api.w.org\/{rel}","templated":true}]}}