{"id":115,"date":"2014-09-22T00:10:50","date_gmt":"2014-09-22T03:10:50","guid":{"rendered":"https:\/\/charmepizzaria.com.br\/site\/?page_id=115"},"modified":"2014-09-22T00:42:30","modified_gmt":"2014-09-22T03:42:30","slug":"sextas-feiras-com-frutos-do-mar","status":"publish","type":"page","link":"https:\/\/charmepizzaria.com.br\/site\/sextas-feiras-com-frutos-do-mar\/","title":{"rendered":"Sextas-feiras com Frutos do Mar na Charme !"},"content":{"rendered":"\n<div id=\"x-content-band-1\" class=\"x-content-band vc\" style=\"background-color: transparent; padding-top: 0px; padding-bottom: 0px;\"><div class=\"x-container-fluid max width\">\n<div  class=\"x-column vc one-half\" style=\"\" ><p><span style=\"color: #ff9900; font-size: 32px;\">Sextas-feiras tem frutos do mar na Charme&#8230; hummmm !!<\/span><\/p>\n<p>Venha saborear os diversos pratos com frutos do mar.<\/p>\n<ul>\n<li><span style=\"color: #808000;\">Camar\u00e3o na Moranga<\/span><\/li>\n<li><span style=\"color: #808000;\">Camar\u00e3o \u00e0 Paulista<\/span><\/li>\n<li><span style=\"color: #808000;\">Salm\u00e3o ao Molho de Maracuj\u00e1<\/span><\/li>\n<li><span style=\"color: #808000;\">Lagosta ao Molho de Catupiry<\/span><\/li>\n<li><span style=\"color: #808000;\">Anchova ao Molho de Passas ao Rum<\/span><\/li>\n<li><span style=\"color: #808000;\">Fil\u00e9 de Til\u00e1pia ao Molho de Cebola<\/span><\/li>\n<li><span style=\"color: #808000;\">Bob\u00f3 de Camar\u00e3o<\/span><\/li>\n<li><span style=\"color: #808000;\">Lagosta Gratinada na Casca<\/span><\/li>\n<li><span style=\"color: #808000;\">Strogonoff de Camar\u00e3o<\/span><\/li>\n<\/ul>\n<hr  class=\"x-hr\" >\n\t<div class=\"wpb_widgetised_column wpb_content_element\">\n\t\t<div class=\"wpb_wrapper\">\n\t\t\t\n\t\t<\/div> \n\t<\/div> <hr  class=\"x-gap\" style=\"margin: 30px 0 0 0;\">\n\t<div class=\"wpb_widgetised_column wpb_content_element\">\n\t\t<div class=\"wpb_wrapper\">\n\t\t\t<div id=\"media_image-2\" class=\"widget widget_media_image\"><h4 class=\"h-widget\">Fa\u00e7a seu pedido pelo iFood<\/h4><a href=\"https:\/\/www.ifood.com.br\/delivery\/sao-jose-dos-campos-sp\/charme-restaurante-e-pizzaria-jardim-apolo\/5a987ce7-a5a4-433a-8024-a8956699a683\"><img width=\"300\" height=\"161\" src=\"https:\/\/charmepizzaria.com.br\/site\/wp-content\/uploads\/2019\/04\/ifood-logo-300x161.png\" class=\"image wp-image-300  attachment-medium size-medium\" alt=\"\" loading=\"lazy\" style=\"max-width: 100%; height: auto;\" srcset=\"https:\/\/charmepizzaria.com.br\/site\/wp-content\/uploads\/2019\/04\/ifood-logo-300x161.png 300w, https:\/\/charmepizzaria.com.br\/site\/wp-content\/uploads\/2019\/04\/ifood-logo-768x413.png 768w, https:\/\/charmepizzaria.com.br\/site\/wp-content\/uploads\/2019\/04\/ifood-logo-100x54.png 100w, https:\/\/charmepizzaria.com.br\/site\/wp-content\/uploads\/2019\/04\/ifood-logo.png 800w\" sizes=\"(max-width: 300px) 100vw, 300px\" \/><\/a><\/div><div id=\"ssba_widget-2\" class=\"widget widget_ssba_widget\"><h4 class=\"h-widget\">Compartilhe<\/h4><!-- Simple Share Buttons Adder (8.2.4) simplesharebuttons.com --><div class=\"ssba-classic-2 ssba ssbp-wrap center ssbp--theme-1\"><div style=\"text-align:left\"><a data-site=\"\" class=\"ssba_facebook_share\" href=\"http:\/\/www.facebook.com\/sharer.php?u=https:\/\/charmepizzaria.com.br\/site\/wp-json\/wp\/v2\/pages\/115\"  target=\"_blank\" ><img src=\"https:\/\/charmepizzaria.com.br\/site\/wp-content\/plugins\/simple-share-buttons-adder\/buttons\/somacro\/facebook.png\" style=\"width: 35px;\" title=\"Facebook\" class=\"ssba ssba-img\" alt=\"Share on Facebook\" \/><div title=\"Facebook\" class=\"ssbp-text\">Facebook<\/div><\/a><a data-site='pinterest' class='ssba_pinterest_share' href='javascript:void((function()%7Bvar%20e=document.createElement(&apos;script&apos;);e.setAttribute(&apos;type&apos;,&apos;text\/javascript&apos;);e.setAttribute(&apos;charset&apos;,&apos;UTF-8&apos;);e.setAttribute(&apos;src&apos;,&apos;\/\/assets.pinterest.com\/js\/pinmarklet.js?r=&apos;+Math.random()*99999999);document.body.appendChild(e)%7D)());'><img src=\"https:\/\/charmepizzaria.com.br\/site\/wp-content\/plugins\/simple-share-buttons-adder\/buttons\/somacro\/pinterest.png\" style=\"width: 35px;\" title=\"Pinterest\" class=\"ssba ssba-img\" alt=\"Pin on Pinterest\" \/><div title=\"Pinterest\" class=\"ssbp-text\">Pinterest<\/div><\/a><a data-site=\"\" class=\"ssba_twitter_share\" href=\"http:\/\/twitter.com\/share?url=https:\/\/charmepizzaria.com.br\/site\/wp-json\/wp\/v2\/pages\/115&amp;text=Sextas-feiras%20com%20Frutos%20do%20Mar%20na%20Charme%20%21%20\"  target=&quot;_blank&quot; ><img src=\"https:\/\/charmepizzaria.com.br\/site\/wp-content\/plugins\/simple-share-buttons-adder\/buttons\/somacro\/twitter.png\" style=\"width: 35px;\" title=\"Twitter\" class=\"ssba ssba-img\" alt=\"Tweet about this on Twitter\" \/><div title=\"Twitter\" class=\"ssbp-text\">Twitter<\/div><\/a><a data-site=\"linkedin\" class=\"ssba_linkedin_share ssba_share_link\" href=\"http:\/\/www.linkedin.com\/shareArticle?mini=true&amp;url=https:\/\/charmepizzaria.com.br\/site\/wp-json\/wp\/v2\/pages\/115\"  target=&quot;_blank&quot; ><img src=\"https:\/\/charmepizzaria.com.br\/site\/wp-content\/plugins\/simple-share-buttons-adder\/buttons\/somacro\/linkedin.png\" style=\"width: 35px;\" title=\"LinkedIn\" class=\"ssba ssba-img\" alt=\"Share on LinkedIn\" \/><div title=\"Linkedin\" class=\"ssbp-text\">Linkedin<\/div><\/a><\/div><\/div><\/div>\n\t\t<\/div> \n\t<\/div> <\/div>\n<div  class=\"x-column vc one-half\" style=\"\" ><script>jQuery(document).ready(function(){jQuery('.x-img-link').iLightBox({skin: 'light',overlay: {opacity: 0.875,blur: true},styles: {prevScale: 0.75,prevOpacity: 0.75,nextScale: 0.75,nextOpacity: 0.75},path: 'horizontal',controls: {thumbnail: true}});});<\/script>\n<div id=\"x-content-band-2\" class=\"x-content-band vc\" style=\"background-color: transparent; padding-top: 0px; padding-bottom: 0px;\"><div class=\"x-container-fluid max width\">\n<div  class=\"x-column vc one-half\" style=\"\" ><a  class=\"x-img x-img-link x-img-thumbnail none\"  href=\"https:\/\/charmepizzaria.com.br\/site\/wp-content\/uploads\/2014\/09\/salmao-molho-maracuja.jpg\" title=\"Salm\u00e3o ao Molho de Maracuj\u00e1\"  data-toggle=\"tooltip\" data-placement=\"top\" data-trigger=\"hover\" data-content=\"Salm\u00e3o ao Molho de Maracuj\u00e1\"  data-options=\"thumbnail: 'https:\/\/charmepizzaria.com.br\/site\/wp-content\/uploads\/2014\/09\/salmao-molho-maracuja.jpg'\"><img src=\"https:\/\/charmepizzaria.com.br\/site\/wp-content\/uploads\/2014\/09\/salmao-molho-maracuja.jpg\" ><\/a><a  class=\"x-img x-img-link x-img-thumbnail none\"  href=\"https:\/\/charmepizzaria.com.br\/site\/wp-content\/uploads\/2014\/09\/file-tilapia-cebola.jpg\" title=\"Fil\u00e9 de Til\u00e1pia ao Molho Cebola\"  data-toggle=\"tooltip\" data-placement=\"top\" data-trigger=\"hover\" data-content=\"Fil\u00e9 de Til\u00e1pia ao Molho Cebola\"  data-options=\"thumbnail: 'https:\/\/charmepizzaria.com.br\/site\/wp-content\/uploads\/2014\/09\/file-tilapia-cebola.jpg'\"><img src=\"https:\/\/charmepizzaria.com.br\/site\/wp-content\/uploads\/2014\/09\/file-tilapia-cebola.jpg\" ><\/a><a  class=\"x-img x-img-link x-img-thumbnail none\"  href=\"https:\/\/charmepizzaria.com.br\/site\/wp-content\/uploads\/2014\/09\/camarao-moranga.jpg\" title=\"Camar\u00e3o na Moranga\"  data-toggle=\"tooltip\" data-placement=\"top\" data-trigger=\"hover\"   data-options=\"thumbnail: 'https:\/\/charmepizzaria.com.br\/site\/wp-content\/uploads\/2014\/09\/camarao-moranga.jpg'\"><img src=\"https:\/\/charmepizzaria.com.br\/site\/wp-content\/uploads\/2014\/09\/camarao-moranga.jpg\" ><\/a><\/div>\n<div  class=\"x-column vc one-half\" style=\"\" ><a  class=\"x-img x-img-link x-img-thumbnail none\"  href=\"https:\/\/charmepizzaria.com.br\/site\/wp-content\/uploads\/2014\/09\/lagosta-gratinada-casca.jpg\" title=\"Lagosta Gratinada na Casca\"  data-toggle=\"tooltip\" data-placement=\"top\" data-trigger=\"hover\"   data-options=\"thumbnail: 'https:\/\/charmepizzaria.com.br\/site\/wp-content\/uploads\/2014\/09\/lagosta-gratinada-casca.jpg'\"><img src=\"https:\/\/charmepizzaria.com.br\/site\/wp-content\/uploads\/2014\/09\/lagosta-gratinada-casca.jpg\" ><\/a><a  class=\"x-img x-img-link x-img-thumbnail none\"  href=\"https:\/\/charmepizzaria.com.br\/site\/wp-content\/uploads\/2014\/09\/camarao-paulista.jpg\" title=\"Camar\u00e3o \u00e0 Paulista\"  data-toggle=\"tooltip\" data-placement=\"top\" data-trigger=\"hover\" data-content=\"Camar\u00e3o \u00e0 Paulista\"  data-options=\"thumbnail: 'https:\/\/charmepizzaria.com.br\/site\/wp-content\/uploads\/2014\/09\/camarao-paulista.jpg'\"><img src=\"https:\/\/charmepizzaria.com.br\/site\/wp-content\/uploads\/2014\/09\/camarao-paulista.jpg\" ><\/a><a  class=\"x-img x-img-link x-img-thumbnail none\"  href=\"https:\/\/charmepizzaria.com.br\/site\/wp-content\/uploads\/2014\/09\/barca-oriental.jpg\" title=\"Barca Oriental\"  data-toggle=\"tooltip\" data-placement=\"top\" data-trigger=\"hover\"   data-options=\"thumbnail: 'https:\/\/charmepizzaria.com.br\/site\/wp-content\/uploads\/2014\/09\/barca-oriental.jpg'\"><img src=\"https:\/\/charmepizzaria.com.br\/site\/wp-content\/uploads\/2014\/09\/barca-oriental.jpg\" ><\/a><\/div><\/div><\/div><hr  class=\"x-hr\" >\n\t<div class=\"wpb_widgetised_column wpb_content_element\">\n\t\t<div class=\"wpb_wrapper\">\n\t\t\t<div id=\"pages-2\" class=\"widget widget_pages\"><h4 class=\"h-widget\">Novidades<\/h4>\n\t\t\t<ul>\n\t\t\t\t<li class=\"page_item page-item-239\"><a href=\"https:\/\/charmepizzaria.com.br\/site\/cardapio-3\/\">Cardapio 3<\/a><\/li>\n<li class=\"page_item page-item-257\"><a href=\"https:\/\/charmepizzaria.com.br\/site\/cardapio-4\/\">Cardapio 4<\/a><\/li>\n<li class=\"page_item page-item-134\"><a href=\"https:\/\/charmepizzaria.com.br\/site\/conheca-nossa-carta-de-vinhos\/\">Conhe\u00e7a nossa carta de vinhos, com r\u00f3tulos importados.<\/a><\/li>\n<li class=\"page_item page-item-115\"><a href=\"https:\/\/charmepizzaria.com.br\/site\/sextas-feiras-com-frutos-do-mar\/\">Sextas-feiras com Frutos do Mar na Charme !<\/a><\/li>\n\t\t\t<\/ul>\n\n\t\t\t<\/div>\n\t\t<\/div> \n\t<\/div> <\/div><\/div><\/div>\n","protected":false},"excerpt":{"rendered":"Sextas-feiras tem frutos do mar na Charme... hummmm !! Venha saborear os diversos pratos com frutos do mar. Camar\u00e3o na Moranga Camar\u00e3o \u00e0 Paulista Salm\u00e3o ao Molho de Maracuj\u00e1 Lagosta ao Molho de Catupiry Anchova ao Molho de Passas ao Rum Fil\u00e9 de Til\u00e1pia ao Molho de Cebola Bob\u00f3 de Camar\u00e3o Lagosta Gratinada na Casca Strogonoff de Camar\u00e3o Fa\u00e7a seu ... <a href=\"https:\/\/charmepizzaria.com.br\/site\/sextas-feiras-com-frutos-do-mar\/\" class=\"more-link\">Read More<\/a>","protected":false},"author":1,"featured_media":0,"parent":0,"menu_order":0,"comment_status":"closed","ping_status":"closed","template":"","meta":[],"_links":{"self":[{"href":"https:\/\/charmepizzaria.com.br\/site\/wp-json\/wp\/v2\/pages\/115"}],"collection":[{"href":"https:\/\/charmepizzaria.com.br\/site\/wp-json\/wp\/v2\/pages"}],"about":[{"href":"https:\/\/charmepizzaria.com.br\/site\/wp-json\/wp\/v2\/types\/page"}],"author":[{"embeddable":true,"href":"https:\/\/charmepizzaria.com.br\/site\/wp-json\/wp\/v2\/users\/1"}],"replies":[{"embeddable":true,"href":"https:\/\/charmepizzaria.com.br\/site\/wp-json\/wp\/v2\/comments?post=115"}],"version-history":[{"count":12,"href":"https:\/\/charmepizzaria.com.br\/site\/wp-json\/wp\/v2\/pages\/115\/revisions"}],"predecessor-version":[{"id":137,"href":"https:\/\/charmepizzaria.com.br\/site\/wp-json\/wp\/v2\/pages\/115\/revisions\/137"}],"wp:attachment":[{"href":"https:\/\/charmepizzaria.com.br\/site\/wp-json\/wp\/v2\/media?parent=115"}],"curies":[{"name":"wp","href":"https:\/\/api.w.org\/{rel}","templated":true}]}}